
-32
Let q(k) = k**2 + 15*k - 5. What is q(-15)?
-5
Let m(l) = 22*l + 129. What is m(-6)?
-3
Let q(a) = -4*a + 7. Calculate q(-3).
19
Let x(f) = f**3 - 27*f**2 - f + 16. Give x(27).
-11
Let q(h) = 7*h + 50. Give q(-8).
-6
Let f(b) = b**2 - 20*b - 160. Calculate f(-6).
-4
Let j(a) = 10*a - 135. What is j(15)?
15
Let h(o) = 3*o - 18. Determine h(9).
9
Let v(i) = i**2 + 2*i - 11. Calculate v(0).
-11
Let u(c) = 5*c - 3. Determine u(-7).
-38
Let x(s) = s**3 + 13*s**2 - 17*s - 33. What is x(-14)?
9
Let c(b) = -b**2 - 17*b + 23. What is c(-18)?
5
Let m(y) = -y**3 + 9*y**2 - 4*y + 28. Determine m(9).
-8
Let o(j) = -j**3 - 5*j**2 + 7*j + 1. Determine o(-6).
-5
Let b(y) = -y - 9. What is b(-2)?
-7
Let w(r) = -r**3 + 14*r**2 + r - 15. Calculate w(14).
-1
Let g(m) = m**3 + 8*m**2 + 7*m - 8. What is g(-8)?
-64
Let x(k) = -k**3 + k + 17. Determine x(0).
17
Let d(z) = -z**3 - 28*z**2 + 23*z - 68. Determine d(-29).
106
Let x(h) = h**3 + 5*h**2 - 3*h + 5. Determine x(-6).
-13
Let m(h) = h**3 - 8*h**2 + 2. Calculate m(8).
2
Let z(l) = -16*l - 278. Give z(-17).
-6
Let m(c) = -c**3 + 17*c**2 - 16*c + 1. What is m(16)?
1
Let q(g) = -6*g**2 + 16*g - 19. What is q(6)?
-139
Let d(q) = -q**2 - 23*q + 48. Give d(-25).
-2
Let y(z) = z**2 + 2*z + 1. Calculate y(2).
9
Let j(l) = -l**2 + 9*l + 118. Calculate j(-7).
6
Let j(t) = 2*t**3 + 2*t**2 - 2*t. Give j(-2).
-4
Let q(h) = h**2 - 6*h + 11. What is q(5)?
6
Let x(u) = -4*u**2 + 6*u - 23. What is x(5)?
-93
Let m(y) = -3*y**3 - y**2 + 1. Give m(1).
-3
Let y(l) = -l**2 - 12*l - 3. Give y(-7).
32
Let n(j) = j**2 - 13*j - 2. Determine n(10).
-32
Let h(y) = -y**3 - 5*y**2 + 9*y - 3. Give h(-7).
32
Let h(z) = -z**2 + 35*z - 140. What is h(5)?
10
Let b(q) = -4*q**2 + 11*q + 1. Determine b(2).
7
Let n(q) = 2*q - 52. Give n(-17).
-86
Let w(a) = a**2 - 8. What is w(3)?
1
Let y(d) = d**3 - 7*d**2 + 3*d + 5. Determine y(7).
26
Let k(p) = p**3 + 13*p**2 + 12*p - 1. Determine k(-12).
-1
Let t(y) = y**2 + 10*y + 2. Give t(-11).
13
Let d(w) = 30*w - 5. Give d(2).
55
Let q(n) = 2*n**3 - 2*n - 3. Calculate q(4).
117
Let q(b) = b**3 + 3*b**2 + 10*b + 20. What is q(-2)?
4
Let u(k) = -k**2 - 2*k + 2. Determine u(-4).
-6
Let f(i) = -i**3 + 7*i**2 - 11*i - 2. Calculate f(5).
-7
Let c(o) = -6*o - 35. Calculate c(-12).
37
Let x(h) = h**3 + h**2 - 30. Determine x(0).
-30
Let y(w) = -w**2 - 8*w - 10. Give y(-9).
-19
Let h(y) = 2*y + 8. Determine h(-5).
-2
Let h(u) = 2*u**3 - u**2 + u + 4. Give h(0).
4
Let o(w) = -w**3 - 2*w**2 - w - 35. Calculate o(0).
-35
Let d(x) = -x**2 + 12*x - 8. Give d(11).
3
Let s(t) = 3*t - 10. Calculate s(5).
5
Let z(x) = -5*x - 43. Give z(-7).
-8
Let z(u) = 3*u**2 + 19*u + 8. What is z(-6)?
2
Let v(i) = -i**2 + 5*i - 1. Determine v(4).
3
Let q(r) = -r**2 - 22*r + 45. What is q(-23)?
22
Let u(l) = -l**3 + 4*l**2 - 4*l + 7. Give u(5).
-38
Let i(y) = 2*y**2 + 42*y + 47. Give i(-20).
7
Let n(q) = 8*q**2 + 50*q + 13. What is n(-6)?
1
Let k(n) = 6*n - 40. Determine k(15).
50
Let z(w) = -2*w**2 + 4*w + 44. What is z(-4)?
-4
Let h(p) = 21*p + 89. Give h(-5).
-16
Let r(b) = -b**2 - 65*b - 850. What is r(-47)?
-4
Let b(k) = k**2 + 9*k - 4. Calculate b(-6).
-22
Let l(x) = x**3 + 7*x**2 + 6*x + 5. Calculate l(-6).
5
Let o(c) = -c - 24. Give o(-14).
-10
Let a(w) = -w**3 - 34*w**2 + 2*w + 65. Determine a(-34).
-3
Let p(g) = 2*g**2 + 2*g. What is p(-2)?
4
Let u(y) = -y**3 - 23*y**2 + 19*y - 125. Calculate u(-24).
-5
Let x(s) = -s + 12. What is x(14)?
-2
Let o(a) = a**2 - 6*a + 13. Give o(-6).
85
Let f(v) = -v**3 - 2*v - 1. Give f(2).
-13
Let j(o) = -o**3 + 2*o**2 + 8*o + 6. Give j(4).
6
Let x(q) = 5*q**2 + 6*q + 5. Give x(-2).
13
Let v(q) = -q**3 + 22*q**2. Calculate v(22).
0
Let r(f) = 24*f - 77. Calculate r(3).
-5
Let o(g) = 8*g**2 - 94*g - 15. Give o(12).
9
Let q(t) = -t**2 + 10*t + 4. Determine q(9).
13
Let r(h) = 10*h - 88. What is r(18)?
92
Let q(g) = -g**2 + 29*g + 84. Calculate q(32).
-12
Let j(h) = h**2 - 84. Calculate j(0).
-84
Let w(u) = -3*u + 13. Give w(8).
-11
Let n(l) = 9*l - 31. Give n(4).
5
Let p(f) = 2*f + 7. Give p(14).
35
Let a(q) = q**3 + 6*q**2 - q + 3. Determine a(-5).
33
Let s(o) = -13*o - 49. What is s(-3)?
-10
Let m(s) = -5*s**3 - s**2 + s. Determine m(1).
-5
Let s(l) = -2*l**3 - 163*l**2 - 80*l + 79. What is s(-81)?
-2
Let h(y) = -y**2 + 2*y. What is h(1)?
1
Let g(x) = -x**3 + 10*x**2 - 7*x - 10. Calculate g(9).
8
Let x(f) = -f**3 + 3*f**2 + 12*f - 16. Determine x(3).
20
Let s(n) = -3*n - 16. Calculate s(-8).
8
Let s(m) = -m**2 + m + 8. What is s(0)?
8
Let l(v) = v + 43. Calculate l(-15).
28
Let w(y) = 3*y. Give w(-1).
-3
Let g(h) = h**2 + 14*h + 13. Determine g(-10).
-27
Let i(v) = 4*v + 10. What is i(9)?
46
Let c(b) = 34*b - 222. Determine c(6).
-18
Let y(p) = -p**3 - 24*p**2 + 25*p + 19. Give y(-25).
19
Let h(u) = -u**3 - 13*u**2 + 2*u + 19. Determine h(-13).
-7
Let q(v) = -v**2 + 15. Determine q(0).
15
Let k(r) = -r**2 - 26*r - 6. What is k(-26)?
-6
Let m(a) = -a**2 - 35*a - 107. What is m(-31)?
17
Let x(t) = -33*t - 170. What is x(-5)?
-5
Let b(d) = -2*d**2 + 7*d + 12. Give b(6).
-18
Let f(l) = 9*l. What is f(1)?
9
Let k(q) = -q**3 - 13*q**2 + q + 17. Give k(-13).
4
Let b(g) = -2*g**2 + 17*g - 46. Calculate b(8).
-38
Let d(c) = -17*c + 98. Determine d(6).
-4
Let g(s) = 2*s + 14. Give g(7).
28
Let x(v) = 11*v**2 + 3*v. What is x(-2)?
38
Let g(m) = 5*m - 1. What is g(-2)?
-11
Let g(q) = 8*q - 178. Determine g(23).
6
Let z(u) = -u**2 - 7*u + 19. Determine z(9).
-125
Let n(c) = 7*c - 102. Give n(-15).
-207
Let t(l) = l**3 - 8*l**2 + 5*l - 3. Give t(7).
-17
Let t(p) = -9*p - 1. Calculate t(-1).
8
Let i(r) = r + 3. Determine i(2).
5
Let x(m) = m**2 + m - 4. Give x(-5).
16
Let n(r) = -r**3 - 5*r**2 - r + 4. What is n(-4)?
-8
Let b(c) = 2*c**3 + 15*c**2 + 5*c - 19. Give b(-7).
-5
Let j(n) = n**2 - n + 3. Give j(4).
15
Let r(x) = -40*x + 1. Determine r(1).
-39
Let z(r) = -3*r + 13. What is z(26)?
-65
Let a(d) = 37*d - 151. Determine a(4).
-3
Let z(y) = -y**2 - 6*y - 6. What is z(-2)?
2
Let q(k) = -k**3 - 3*k**2 - 2*k - 5. Determine q(-4).
19
Let y(i) = i**3 - 3*i**2 - 8*i + 47. Calculate y(4).
31
Let c(u) = -2*u**2 - 14*u. Determine c(-6).
12
Let v(u) = 5*u**2 + 6*u - 7. Give v(-2).
1
Let x(l) = -19*l**2 - 3*l + 1. Calculate x(-2).
-69
Let r(u) = 2*u**2 + 12*u - 20. Determine r(-10).
60
Let y(s) = s**2 + 34*s + 202. Calculate y(-10).
-38
Let n(b) = -b**3 + 2*b**2 + 5*b - 3. Give n(0).
-3
Let n(k) = -k - 3. Calculate n(7).
-10
Let a(v) = -9*v**3 + 3*v**2 - 5*v + 9. Calculate a(2).
-61
Let f(x) = -3*x - 5. What is f(-7)?
16
Let v(m) = -13*m - 6. Give v(-6).
72
Let b(q) = -q**3 - 13*q**2 + 49*q + 10. Give b(-16).
-6
Let s(h) = -h**2 + 8*h + 15. Give s(8).
15
Let n(q) = q + 23. Calculate n(-12).
11
Let q(k) = -3*k + 7. Determine q(7).
-14
Let l(r) = r**2 + 7*r - 15. Give l(-14).
83
Let i(a) = 7*a - 57. Give i(12).
27
Let q(w) = w**3 - 7*w**2 - 6*w - 8. Determine q(8).
8
Let w(p) = -p**3 + 4*p**2 - 4. Give w(3).
5
Let t(i) = -2*i**3 + 3*i**2 + 2*i + 4. Calculate t(3).
-17
Let w(s) = s**3 + 3*s**2 - s - 2. Determine w(2).
16
Let n(j) = -j**2 + 13*j - 16. Determine n(11).
6
Let d(x) = -x + 31. Determine d(22).
9
Let f(v) = -39*v + 271. What is f(7)?
-2
Let d(m) = m**2 + 15*m - 8. Calculate d(-7).
-64
Let x(u) = u**3 + 4*u**2 - 16*u - 43. Determine x(-4).
21
Let t(u) = -9*u**2 - 502*u + 110. Calculate t(-56).
-2
Let b(h) = 6*h - 110. Give b(6).
-74
Let q(p) = -p**2 + p + 8. What is q(-7)?
-48
Let f(i) = -34*i + 26. Determine f(1).
-8
Let f(g) = 19*g - 6. Determine f(-2).
-44
Let s(b) = 6*b + 36. What is s(-14)?
-48
Let f(a) = -a**3 - 7*a**2 - 8*a. Give f(-6).
12
Let n(x) = -6*x. Determine n(1).
-6
Let z(s) = s**2 - 4*s + 3. What is z(-4)?
35
Let m(x) = 2*x**2 - 7. Calculate m(4).
25
Let i(l) = -l**2 - 15*l + 12. Calculate i(-16).
-4
Let h(d) = -d**3 - 5*d**2 + 7*d - 31. Calculate h(-7).
18
Let c(y) = 2*y**2 + 38*y + 111. What is c(-15)?
-9
Let j(l) = -l**3 + 9*l**2 + 8*l + 17. Calculate j(10).
-3
Let w(y) = -y**3 - 8*y**2 + 8*y + 5. Give w(-9).
14
Let j(c) = 13*c - 8. Give j(6).
70
Let z(t) = 3*t + 2. Calculate z(1).
5
Let i(u) = 25*u**3 - 2*u**2 + 1. Calculate i(-1).
-26
Let r(t) = -t - 12. Calculate r(0).
-12
Let u(y) = 2*y. Give u(29).
58
Let o(k) = k**3 - 5*k**2 + k + 4. Determine o(3).
-11
Let o(s) = -s**3 + 40*s